k = 18. Calculate o(k).
7
Let s(j) = -j**3 - j + 7*j**2 + 3 + 0*j - 1. Suppose 51*v - 2*a = 50*v + 7, 91 = 5*v + 4*a. Let c be 120/48*1/(v/42). Determine s(c).
-5
Let i(f) = 12 - 14 - 3*f**3 - 7 + 10. Calculate i(-2).
25
Let o(a) be the first derivative of a**4/4 - 5*a**3/3 - a**2/2 + 7*a - 1085. Suppose 2*c - 8 = 2. Give o(c).
2
Let t = -2323 + 2318. Let h(r) = -r**2 + r + 28. What is h(t)?
-2
Let j(m) = 2*m**2 - 5*m - 9 + 82110*m**3 - 82109*m**3 + 12 - 3. Give j(-5).
-50
Let l = 28 + -20. Let y(p) = p - 7. Let b be y(l). Let z(u) = u**2 + u - 2. Let x(d) = 10*d**2 - 4*d + 11. Let w(i) = x(i) + 6*z(i). What is w(b)?
17
Let d(x) = 109*x + 3928. Let j be d(-36). Let z(k) be the third derivative of 1/12*k**j - 22*k**2 + 0 + 0*k - 5/3*k**3. What is z(8)?
6
Let y(l) be the second derivative of -129*l - 3/2*l**2 + 7/6*l**3 + 0 - 1/12*l**4. Give y(5).
7
Let l be (-48)/(-80) - (-702)/5. Let t = -147 + l. Let h(i) = 2*i + 7. Give h(t).
-5
Let q(y) = 71*y - 943. Let a(x) = 69*x - 897. Let n(w) = 4*a(w) - 3*q(w). Give n(12).
-3
Let y(d) = -d - 52. Let a(u) = 2*u + 109. Let f(m) = -6*a(m) - 13*y(m). What is f(12)?
34
Let m(j) be the second derivative of 0 + 1/2*j**2 - 43*j + 1/12*j**4 + 1/3*j**3. Give m(5).
36
Suppose -3*p + g + 820 = 812, 4*p = 5*g - 15. Let x(m) be the second derivative of -2*m**3/3 + 19*m**2/2 - 2*m. Give x(p).
-1
Let m(w) be the second derivative of -2*w + 1/6*w**4 - 9/2*w**3 + 9*w**2 + 93. Calculate m(13).
5
Let m(z) = -5*z + 34*z + 1778*z**2 - 1779*z**2 + 41*z - 19*z - 46. Determine m(50).
4
Let s(k) = k**3 - 15*k**2 + 13*k + 17. Suppose -17*h = 38 - 276. What is s(h)?
3
Let y(k) be the second derivative of 1 + 4*k**2 + 1/6*k**3 - 2*k. Give y(-12).
-4
Suppose -3*c + 746 = 134. Let o = c + -202. Let q(y) = -10*y + 3. Calculate q(o).
-17
Let q(w) = -9*w**3 + 7*w**2 + w + 9. Let l be (-58)/10 + (832/65 - 12). Let x(n) = -2*n**3. Let y(h) = l*x(h) + q(h). Calculate y(-7).
2
Let l(w) = -4 + 5*w + 2*w**2 - 2*w**2 - 2*w**2 + 3*w**2. Let d = -78 + 83. Suppose g + 2*b - 7*b = -30, 5 = 4*g + d*b. Determine l(g).
-4
Let a(n) = 2*n - 75. Let f(i) = -2*i + 83. Let c(o) = -10*a(o) - 9*f(o). Suppose 12 - 37 = -5*k. Give c(k).
-7
Let k = 72 - 72. Suppose 2*n + 0*n - 10 = k. Let m(f) = 2*f - 4 + 1 + 7 - 6. Give m(n).
8
Let j(r) be the second derivative of -206*r + 0 - 11/20*r**5 + 0*r**3 + 1/6*r**4 - 1/2*r**2. What is j(-1)?
12
Let o(l) be the first derivative of 5*l**2/2 + 52*l + 2282. Calculate o(-9).
7
Suppose 0 = -2*g - 2*w + 18, 2*w + 1 = -g + 3*w. Let u(k) = 4*k + 7*k - k**2 - k - 3 - 4*k. Determine u(g).
5
Let a(q) = -5*q + 1. Let t(z) = -4*z + 2. Let f(s) = -5*a(s) + 6*t(s). Suppose 0*u + 31*u - 19623 = 0. Let p = u + -640. What is f(p)?
0
Suppose -q - 4 = 3*i, -2*q + 8*i - 14 = 12*i. Let p = q - 4. Let k(y) = y**2 + 18*y + 24. Determine k(p).
7
Let m(c) = -c - 103*c**2 + 6 + 203*c**2 - 99*c**2 + 4*c. What is m(-6)?
24
Let l(w) be the second derivative of -35*w**3/6 - 173*w**2 + 1359*w - 2. Calculate l(-10).
4
Let g(n) = n**3 + 10*n**2 + 9*n - 10. Let o be (14/56)/((-1)/(-24)). Suppose -o*m = 69 - 15. Determine g(m).
-10
Let n be 1/((-3)/27*1). Let t(i) be the third derivative of i**5/60 + 3*i**4/8 + 11*i**3/6 + 166*i**2 + 2. Calculate t(n).
11
Suppose a - 9 = j, 3*j = -8*a + 3*a + 5. Let l(r) = r**3 - 6*r**2 - 2*r + 9. Determine l(a).
-31
Let r(z) = z**3 - 4*z**2 + z - 2. Let v be r(4). Let s(x) = 6*x + 10 - 7 - v*x**2 - 6. Let m = -77 - -81. What is s(m)?
-11
Let w(x) = -9*x**2 - 13*x - 2. Let l be 93/42 - 10*(-21)/(-980). Determine w(l).
-64
Suppose 2*x - 3*b = -73, 248*b = 4*x + 246*b + 126. Let n(d) = d + 44. Give n(x).
15
Let a(p) be the third derivative of p**5/60 + p**4/24 - 31*p**3/3 + 44*p**2. Let w(l) be the first derivative of a(l). What is w(2)?
5
Let q(z) = -z**2 - z - 4. Let b be q(-4). Let u(y) be the first derivative of -y**2/2 - 16*y + 24080. Calculate u(b).
0
Let x(r) = -r**2 + 7*r - 7. Let p be x(6). Let o be (-3)/6 + 14/28. Let s(b) = b + o*b - 1236 + 1235 - 10*b. Calculate s(p).
8
Let s = 460 + -445. Let x be 10/s*(-198)/12. Let i(m) = 4*m + 42. Calculate i(x).
-2
Suppose 4*q = -3*z + 18 - 1, 8 = q + 2*z. Let p(a) = 108*a**q - 57*a**2 - a - 50*a**2 + a - 2*a. Determine p(5).
15
Let g(d) = d**3 - 5*d**2 + 3*d - 13. Let a be (-3)/3*1*-5. Let y be g(a). Let z(u) = 11*u - 2. Let o(h) = 11*h - 2. Let i(n) = 3*o(n) - 4*z(n). Calculate i(y).
-20
Let j(x) be the third derivative of -x**6/120 - 14*x**5/15 - 13*x**4/6 + 79*x**3/3 + 2093*x**2. Calculate j(-55).
-7
Let b(u) = -3*u**3 - 6*u**2 + 6*u**2 - u + 8*u**3. Suppose -3*m - 14 = 4*t - 0, 0 = -5*t + 5*m. Determine b(t).
-38
Let a(q) = -13*q**3 + 52*q**2 - 2. Suppose n + 122*l - 16 = 126*l, 5*n + 5*l - 5 = 0. Calculate a(n).
-2
Let i be ((-2)/45*5)/(8/(-36)). Let w(t) = 0*t**2 + t**2 - 1 + 20*t**3 - 14*t**3. Give w(i).
6
Let v(y) = -y**3 + 50*y + 9*y**2 - 45*y + 9 - 5 - 20*y + 12. Calculate v(7).
9
Let i(r) be the first derivative of 49*r**3/3 + r**2/2 + 144. What is i(-1)?
48
Let z(m) = 7*m + 6. Let r(k) be the second derivative of 37*k**3/2 + 99*k**2/2 - 6*k + 1. Let i(d) = -2*r(d) + 33*z(d). Let j = 1 + 1. What is i(j)?
18
Let j(r) = 120. Let a(l) = -5. Let g(v) = 50*a(v) + 2*j(v). Let q(m) = -m + 8. Let h(k) = -3*g(k) - 2*q(k). What is h(-6)?
2
Let m(l) = -2*l + 3*l + 19 + 3 - 3*l. Let z be m(10). Let j(y) = -y**2 - z - 5*y - 2*y - 3*y - 5. Give j(-7).
14
Let b(r) = -r**3 + 32*r**2 + 68*r + 19. Suppose 25*f + 30876 = 31726. Determine b(f).
19
Let w(d) = -31*d**3 + 44*d**2 + 54*d - 102. Let k(p) = 19*p**3 - 26*p**2 - 32*p + 61. Let n(h) = 13*k(h) + 8*w(h). Calculate n(15).
-8
Suppose -3*c = -3*r - 2*c + 8, -r - 5*c = 8. Let n(s) = s**2 - 8*s**r + 1 + 10*s - 5*s + 6*s**2. Suppose -2*j + 12 - 2 = 0. Give n(j).
1
Let j be 12/(-8)*28/6. Let y(t) be the third derivative of -t**5/60 - t**4/8 + 3*t**3/2 + t**2 + 3*t + 665. What is y(j)?
-19
Let g be (-20)/(-6)*(-6)/(-5). Let j(c) = -8*c**2 - 9*c + 4. Let x(a) = -11*a**2 - 10*a + 5. Let b(q) = 4*j(q) - 3*x(q). Give b(g).
-7
Suppose f - i = 2*i - 5, 0 = -5*f + 5*i - 15. Let g be (-2 + f - 1) + -4 + 13. Let l(v) = -2*v + 13. Give l(g).
5
Suppose 304*r + 30 = 310*r. Let f(q) = -11*q**3 + 5*q**2 - 4*q + 5. Let a(t) = -5*t**3 + 2*t**2 - 2*t + 2. Let l(d) = 13*a(d) - 6*f(d). Determine l(r).
11
Let w(c) = 142*c**2 + 93*c - 147*c**2 + 3*c**3 - 2*c**3 - 95*c + 4. Give w(5).
-6
Let n(g) be the third derivative of -g**7/2520 - g**6/180 - 3*g**5/20 - g**3/3 - 26*g**2. Let x(k) be the third derivative of n(k). What is x(3)?
-10
Let s(g) be the first derivative of 17 + g**2 - 1/3*g**3 + 0*g. Let q(c) = -21*c + 130. Let x be q(6). What is s(x)?
-8
Let c(i) be the third derivative of -i**6/120 + 3*i**5/20 + 11*i**4/12 + 5*i**3/6 + 2*i**2 + 893. What is c(11)?
5
Let n(z) = 144*z - 132. Let x(o) = -124*o + 129. Let c(q) = 3*n(q) + 4*x(q). Give c(2).
-8
Let r(t) = t**3 + t**2 - t + 4. Suppose -4*n + 12 = 3*d - 10, 3*d - 9*n = -69. Determine r(d).
2
Let j be 4/(26 + -22) + (9/1)/(-3). Let y(n) = -n**3 - 3*n**2 + 0*n**3 - 2 - 2 + 3. Determine y(j).
-5
Let k be (-141)/(-21) + 2/7. Let q(b) = 2*b**3 - 14*b**2 + 2*b + 108. Let u(c) = -c**3 + 7*c**2 - c - 47. Let t(x) = 4*q(x) + 9*u(x). Calculate t(k).
2
Let b(l) = 3*l**3 - 25*l**2 + 5*l + 6. Suppose -69*q = -2*m - 67*q, m + 24 = 4*q. Give b(m).
-18
Let z be (-31 - -97) + (-2 - (-1 + -1)). Let u(i) = 10 + 13 + z*i - 67*i. Give u(21).
2
Let x(a) = -2*a - 13. Let g be x(-10). Suppose -8 = -g*l + 13. Suppose -l*p - 1 - 2 = 0. Let c(w) = -w + 1. What is c(p)?
2
Let b(a) = 4*a - 13. Let v(o) be the first derivative of -o**2/2 + o + 208. Let l be v(-9). Calculate b(l).
27
Let t(f) = -12*f + 85. Let h be 56/70*(-40)/(-4). What is t(h)?
-11
Let i(p) = 91*p - 132. Let s(r) = 82*r - 131. Let x(h) = 6*i(h) - 7*s(h). What is x(4)?
13
Let j(m) be the second derivative of -m**4/12 - 5*m**3/2 - 5*m**2/2 - 2*m. Let l be ((-736)/2208)/((-2)/(-84)). Give j(l).
9
Let y(l) = -5*l**2 + 2*l**2 + 2*l**2 + 1 - 7 - 9*l. Let a be (-12)/(-90) - 403/(-15). Let h(w) = 3*w - 88. Let q be h(a). Determine y(q).
8
Let v = 56 + -43. Suppose -4*d = -g - v, 2*d = -2*g + 3*g + 7. Let a(w) = 6*w**2 - 31 + 32 + 2*w - 3*w**2 - w**3. Give a(d).
7
Let s(u) be the third derivative of u**6/60 + u**5/60 + u**4/12 + u**3/6 - u**2. Let z = 13 - 12